at is 16 + -210836?
-210820
In base 4, what is -1021 + 2030?
1003
In base 14, what is -628 - 5a0?
-bc8
In base 3, what is 21112000 - -110?
21112110
In base 13, what is -bb + -177?
-265
In base 3, what is 2210 - 221100212?
-221021002
In base 10, what is 17663 - -4?
17667
In base 9, what is -201532 + 20?
-201512
In base 11, what is 6 - -59662?
59668
In base 7, what is 530 - -635?
1465
In base 5, what is 10 + -3214110?
-3214100
In base 9, what is 153 - -876?
1140
In base 5, what is 44002400 - 12?
44002333
In base 7, what is -3054 + 53?
-3001
In base 11, what is 65a78 - -2?
65a7a
In base 6, what is -114 + -1150055?
-1150213
In base 11, what is 12 + -99?
-87
In base 3, what is -20 + 1010022021220?
1010022021200
In base 6, what is 151231155 - -1?
151231200
In base 9, what is 473 + -44?
428
In base 16, what is -4 - 2bfc0?
-2bfc4
In base 6, what is -51 - -10003?
5512
In base 16, what is -cf16 - -1?
-cf15
In base 2, what is 0 + -111111110000?
-111111110000
In base 15, what is 7e2153 + 1?
7e2154
In base 11, what is 6 - -21444?
2144a
In base 4, what is -11332 - 10030?
-22022
In base 3, what is -2211 + 112200?
102212
In base 4, what is 103003011 + -11?
103003000
In base 8, what is 1047312 + -5?
1047305
In base 5, what is 32 + 1031044?
1031131
In base 15, what is -46 - -60?
19
In base 14, what is -2b43a + -4?
-2b440
In base 10, what is 44 + -11545?
-11501
In base 4, what is -3312 + -1312?
-11230
In base 16, what is -34c - -22?
-32a
In base 11, what is -747 + -29?
-775
In base 10, what is -11 + -4601?
-4612
In base 6, what is -1214402 - 132?
-1214534
In base 15, what is -2b - 2bcc?
-2c08
In base 16, what is -4 + 8219?
8215
In base 2, what is -11101110111111111000000 - -101?
-11101110111111110111011
In base 14, what is 175 - 1b5?
-40
In base 8, what is -1256371 - -25?
-1256344
In base 16, what is 254 + 3f?
293
In base 14, what is d6 - 59b?
-4a5
In base 9, what is 2513 - 47?
2455
In base 16, what is -2 - 115a65?
-115a67
In base 11, what is 0 + 7a05a?
7a05a
In base 3, what is 10120 + 1021210?
1102100
In base 6, what is 1105530 - -1?
1105531
In base 2, what is -11 + 11011100100010?
11011100011111
In base 13, what is 3516 + -2c?
34b7
In base 13, what is 17a + -5c?
11b
In base 9, what is 13 - 127673?
-127660
In base 16, what is 8f + -6e2?
-653
In base 2, what is 11 + 10000000000110111?
10000000000111010
In base 5, what is 12411424 + 12?
12411441
In base 11, what is 221a29 + -5?
221a24
In base 12, what is -a52 - 0?
-a52
In base 11, what is -2745 + 29?
-2717
In base 5, what is -32342 - 1203?
-34100
In base 9, what is 452 - -2322?
2774
In base 5, what is 4 + -20041403?
-20041344
In base 10, what is 62340 + 4?
62344
In base 14, what is 5 - 12563?
-1255c
In base 14, what is 58 + 43d?
497
In base 9, what is 854 - 11?
843
In base 11, what is -1060 - -19?
-1042
In base 12, what is -142a5 - 4?
-142a9
In base 11, what is 57956 - -2?
57958
In base 6, what is -12 + -50001?
-50013
In base 15, what is -12965 - 4?
-12969
In base 8, what is 40520 - 1?
40517
In base 11, what is a3 + 6045?
6138
In base 4, what is -1123 - 2211123?
-2212312
In base 6, what is -1241501 + 4?
-1241453
In base 11, what is 2 - 14325?
-14323
In base 5, what is -3422 - 21433?
-30410
In base 9, what is 6 - -64337?
64344
In base 12, what is -79 - 19a?
-257
In base 9, what is 7 - 1135230?
-1135222
In base 6, what is 1504 - 5?
1455
In base 9, what is -7478 + 1?
-7477
In base 13, what is 32 + 6b4?
716
In base 14, what is -7377 + 44?
-7333
In base 13, what is -1c2c + 7?
-1c25
In base 8, what is -102253 + -1?
-102254
In base 11, what is 4837 + -85?
4762
In base 3, what is -110111121 + 2?
-110111112
In base 10, what is 9723 - -6?
9729
In base 12, what is -36 + 760?
726
In base 14, what is 12c0 + -a3?
121b
In base 6, what is 530054 - -3?
530101
In base 13, what is c012 - -12?
c024
In base 6, what is 552030 - -5?
552035
In base 16, what is 23 - -101?
124
In base 5, what is -3220 + -114?
-3334
In base 6, what is 21545 - 14442?
3103
In base 5, what is -343011 - 20?
-343031
In base 7, what is -11 - -6136?
6125
In base 14, what is -4bc1 - 20b?
-4dcc
In base 9, what is 75526 - -10?
75536
In base 8, what is 2176421 - 0?
2176421
In base 7, what is -40125 - -12?
-40113
In base 3, what is 122 + 201201221?
201202120
In base 5, what is 220 - 121321?
-121101
In base 6, what is 25 + -1504400?
-1504331
In base 15, what is 5b9b6 + 1?
5b9b7
In base 15, what is -3 - 2928c?
-29290
In base 11, what is -72210a - -4?
-722106
In base 4, what is -20313012 + 1?
-20313011
In base 2, what is 11011100 + -10100101?
110111
In base 15, what is -3b5 - 5e?
-424
In base 5, what is 13311 + -121?
13140
In base 9, what is 3434 - 103?
3331
In base 9, what is -1 + -116753?
-116754
In base 4, what is 0 - -3203311?
3203311
In base 14, what is 3 - -27543?
27546
In base 13, what is -5752 - -7?
-5748
In base 8, what is -3 - 17601?
-17604
In base 5, what is 11404241 - 0?
11404241
In base 6, what is -3040253 - 2?
-3040255
In base 14, what is -24435a - 1?
-24435b
In base 12, what is 5756 + 4?
575a
In base 7, what is -6 - 1126530?
-1126536
In base 8, what is 27311 - 23?
27266
In base 16, what is -1 + 207af?
207ae
In base 2, what is -101 + 1100011101110101111?
1100011101110101010
In base 4, what is -13330321 + 1?
-13330320
In base 15, what is -234 + 3a?
-1e9
In base 7, what is 22614 + 12?
22626
In base 6, what is -320 + -31500?
-32220
In base 9, what is -8673 - -1?
-8672
In base 12, what is 3 - -112564?
112567
In base 10, what is -4562 - -13?
-4549
In base 4, what is 3 - -31011230?
31011233
In base 3, what is -10211011 + 11102?
-10122202
In base 10, what is 13 + -322?
-309
In base 4, what is -302130310 + -3?
-302130313
In base 7, what is -403 - -1165?
462
In base 11, what is 365 - 127?
239
In base 8, what is -362337 + -32?
-362371
In base 15, what is 2e + 1d99?
1dc8
In base 7, what is 2012 + -463?
1216
In base 2, what is 10010011100110 + -1110101?
10010001110001
In base 2, what is 111010100011111001010 - 0?
111010100011111001010
In base 6, what is 1313444 - -21?
1313505
In base 16, what is -180a2 + -14?
-180b6
In base 9, what is -16011 + -3?
-16014
In base 8, what is -235754 + -4?
-235760
In base 5, what is -443 + 212?
-231
In base 7, what is 5 - 332016?
-332011
In base 10, what is 15613 + 17?
15630
In base 12, what is -2ab + 7?
-2a4
In base 10, what is 1 - -48709?
48710
In base 14, what is 2a600 + 0?
2a600
In base 3, what is 1102201222111 - 11?
1102201222100
In base 12, what is -63 + 4561?
44ba
In base 4, what is -101 - -113100?
112333
In base 14, what is -5d8a - -2?
-5d88
In base 8, what is 153514 + 1?
153515
In base 10, what is -4036 + 5?
-4031
In base 16, what is 1d2c5 - -12?
1d2d7
In base 15, what is 278 + 130?
3a8
In base 6, what is 12 - -23252?
23304
In base 16, what is 1 + 74ae?
74af
In base 15, what is b2 + -135?
-73
In base 6, what is -3230001 - 1?
-3230002
In base 9, what is 1 - -270183?
270184
In base 3, what is -2101211 + 1010?
-2100201
In base 4, what is 1030 + 30133?
31223
In base 13, what is 1015 - -17?
102c
In base 7, what is 152251 - -4?
152255
In base 13, what is -75c4 - 2?
-75c6
In base 15, what is 1c0 - -1e0?
3b0
In base 10, what is 403 - 15?
388
In base 12, what is 16893 + -4?
1688b
In base 15, what is -2 - 121455?
-121457
In base 8, what is 4 - -5222752?
5222756
In base 15, what is -81 + -d8?
-169
In base 9, what is 5055 + 13?
5068
In base 3, what is 110212 + -21?
110121
In base 9, what is 121382 - -24?
121416
In base 16, what is 2 + -2ae67?
-2ae65
In base 5, what is -1 + 23430434?
23430433
In base 4, what is 2 + -1021122010?
-1021122002
In base 3, what is -10112 - 12101?
-22220
In base 14, what is -782 + -76?
-818
In base 2, what is -110001 + 11?
-101110
In base 6, what is 333 - -235141?
235514
In base 13, what is -13 - -16b?
158
In base 12, what is 2 + -1a4b?
-1a49
In base 5, what is -2 - 1034114?
-1034121
In base 5, what is 1 + -340030?
-340024
In base 4, what is -102013 - 11?
-102030
In base 12, what is 10b8 + 34?
1130
In base 11, what is 14 - -67a0?
6804
In base 3, what is -12000 + 1122?
-10101
In base 2, what is -1100 + -1100010000100101?
-1100010000110001
In base 15, what is -500e + -6?
-5015
In base 2, what is -101001 - -110101011?
110000010
In base 16, what is 2647 + -2?
2645
In base 2, what is 11000000011 - -111?
11000001010
